{"id":2148,"date":"2024-01-25T16:46:52","date_gmt":"2024-01-25T22:46:52","guid":{"rendered":"http:\/\/www.mastriplay.com\/portal\/product\/mas-triplay-mdf-melamina-blanco\/"},"modified":"2024-02-06T21:40:11","modified_gmt":"2024-02-07T03:40:11","slug":"mas-triplay-mdf-melamina-blanco","status":"publish","type":"product","link":"https:\/\/www.mastriplay.com\/portal\/product\/mas-triplay-mdf-melamina-blanco\/","title":{"rendered":"Mas Triplay MDF Melamina Blanco"},"content":{"rendered":"<p>El MDF Melaminizado mas triplay cuenta con las mejores caracter\u00edsticas de resistencia y acabado, con dise\u00f1os elegantes y tonos modernos que te permiten contar con gran cantidad de mezclas de colores en tonos y acabados. Cuentan adem\u00e1s con excelente resistencia a los usos mas comunes. Son una gran opci\u00f3n en t\u00e9rminos de Calidad &#8211; Precio<\/p>\n","protected":false},"excerpt":{"rendered":"<p>El MDF Melaminizado mas triplay cuenta con las mejores caracter\u00edsticas de resistencia y acabado, con dise\u00f1os elegantes y tonos modernos que te permiten contar con gran cantidad de mezclas de colores en tonos y acabados. Cuentan adem\u00e1s con excelente resistencia a los usos mas comunes. Son una gran opci\u00f3n en t\u00e9rminos de Calidad &#8211; Precio<\/p>\n","protected":false},"featured_media":2281,"comment_status":"closed","ping_status":"closed","template":"","meta":[],"product_brand":[],"product_cat":[69],"product_tag":[97,217,127],"class_list":{"0":"post-2148","1":"product","2":"type-product","3":"status-publish","4":"has-post-thumbnail","6":"product_cat-mt-melamina-mdf","7":"product_tag-blanco","8":"product_tag-mas-triplay","9":"product_tag-mdf-melamina","11":"first","12":"instock","13":"taxable","14":"shipping-taxable","15":"product-type-simple"},"_links":{"self":[{"href":"https:\/\/www.mastriplay.com\/portal\/wp-json\/wp\/v2\/product\/2148","targetHints":{"allow":["GET"]}}],"collection":[{"href":"https:\/\/www.mastriplay.com\/portal\/wp-json\/wp\/v2\/product"}],"about":[{"href":"https:\/\/www.mastriplay.com\/portal\/wp-json\/wp\/v2\/types\/product"}],"replies":[{"embeddable":true,"href":"https:\/\/www.mastriplay.com\/portal\/wp-json\/wp\/v2\/comments?post=2148"}],"version-history":[{"count":2,"href":"https:\/\/www.mastriplay.com\/portal\/wp-json\/wp\/v2\/product\/2148\/revisions"}],"predecessor-version":[{"id":2913,"href":"https:\/\/www.mastriplay.com\/portal\/wp-json\/wp\/v2\/product\/2148\/revisions\/2913"}],"wp:featuredmedia":[{"embeddable":true,"href":"https:\/\/www.mastriplay.com\/portal\/wp-json\/wp\/v2\/media\/2281"}],"wp:attachment":[{"href":"https:\/\/www.mastriplay.com\/portal\/wp-json\/wp\/v2\/media?parent=2148"}],"wp:term":[{"taxonomy":"product_brand","embeddable":true,"href":"https:\/\/www.mastriplay.com\/portal\/wp-json\/wp\/v2\/product_brand?post=2148"},{"taxonomy":"product_cat","embeddable":true,"href":"https:\/\/www.mastriplay.com\/portal\/wp-json\/wp\/v2\/product_cat?post=2148"},{"taxonomy":"product_tag","embeddable":true,"href":"https:\/\/www.mastriplay.com\/portal\/wp-json\/wp\/v2\/product_tag?post=2148"}],"curies":[{"name":"wp","href":"https:\/\/api.w.org\/{rel}","templated":true}]}}