{"id":2058,"date":"2024-01-25T13:02:59","date_gmt":"2024-01-25T19:02:59","guid":{"rendered":"http:\/\/www.mastriplay.com\/portal\/?post_type=product&#038;p=2058"},"modified":"2024-02-08T17:10:10","modified_gmt":"2024-02-08T23:10:10","slug":"cleaf-mdp-syncron-sierra-yosemite","status":"publish","type":"product","link":"https:\/\/www.mastriplay.com\/portal\/product\/cleaf-mdp-syncron-sierra-yosemite\/","title":{"rendered":"CLEAF  MDP Syncron Sierra Yosemite"},"content":{"rendered":"<p>Melamina de marca Italiana reconocida a nivel mundial por sus Dise\u00f1os. Tablero de aglomerado recubierto con papel Dise\u00f1o con Textura Profunda , acabado YOSEMITE. Dise\u00f1o Sierra, Marca CLEAF<\/p>\n<p>&nbsp;<\/p>\n<p>&nbsp;<\/p>\n<table width=\"80\">\n<tbody>\n<tr>\n<td width=\"80\">\u2022 ESPESOR:\u00a0 18 MM\u00a0 \u2022 FORMATO:\u00a0 2.07 X 2.80\u00a0 \u2022 CARAS:\u00a0 2 CARAS<\/td>\n<\/tr>\n<\/tbody>\n<\/table>\n<p>&nbsp;<\/p>\n","protected":false},"excerpt":{"rendered":"<p>Melamina de marca Italiana reconocida a nivel mundial por sus Dise\u00f1os. Tablero de aglomerado recubierto con papel Dise\u00f1o con Textura Profunda , acabado YOSEMITE. Dise\u00f1o Sierra, Marca CLEAF &nbsp; &nbsp; \u2022 ESPESOR:\u00a0 18 MM\u00a0 \u2022 FORMATO:\u00a0 2.07 X 2.80\u00a0 \u2022 CARAS:\u00a0 2 CARAS &nbsp;<\/p>\n","protected":false},"featured_media":2062,"comment_status":"open","ping_status":"closed","template":"","meta":[],"product_brand":[],"product_cat":[77],"product_tag":[245,246,252],"class_list":{"0":"post-2058","1":"product","2":"type-product","3":"status-publish","4":"has-post-thumbnail","6":"product_cat-syncron-cleaf","7":"product_tag-cleaf","8":"product_tag-mdp-syncron","9":"product_tag-sierra-yosemite","11":"first","12":"instock","13":"taxable","14":"shipping-taxable","15":"product-type-simple"},"_links":{"self":[{"href":"https:\/\/www.mastriplay.com\/portal\/wp-json\/wp\/v2\/product\/2058","targetHints":{"allow":["GET"]}}],"collection":[{"href":"https:\/\/www.mastriplay.com\/portal\/wp-json\/wp\/v2\/product"}],"about":[{"href":"https:\/\/www.mastriplay.com\/portal\/wp-json\/wp\/v2\/types\/product"}],"replies":[{"embeddable":true,"href":"https:\/\/www.mastriplay.com\/portal\/wp-json\/wp\/v2\/comments?post=2058"}],"version-history":[{"count":2,"href":"https:\/\/www.mastriplay.com\/portal\/wp-json\/wp\/v2\/product\/2058\/revisions"}],"predecessor-version":[{"id":3202,"href":"https:\/\/www.mastriplay.com\/portal\/wp-json\/wp\/v2\/product\/2058\/revisions\/3202"}],"wp:featuredmedia":[{"embeddable":true,"href":"https:\/\/www.mastriplay.com\/portal\/wp-json\/wp\/v2\/media\/2062"}],"wp:attachment":[{"href":"https:\/\/www.mastriplay.com\/portal\/wp-json\/wp\/v2\/media?parent=2058"}],"wp:term":[{"taxonomy":"product_brand","embeddable":true,"href":"https:\/\/www.mastriplay.com\/portal\/wp-json\/wp\/v2\/product_brand?post=2058"},{"taxonomy":"product_cat","embeddable":true,"href":"https:\/\/www.mastriplay.com\/portal\/wp-json\/wp\/v2\/product_cat?post=2058"},{"taxonomy":"product_tag","embeddable":true,"href":"https:\/\/www.mastriplay.com\/portal\/wp-json\/wp\/v2\/product_tag?post=2058"}],"curies":[{"name":"wp","href":"https:\/\/api.w.org\/{rel}","templated":true}]}}