{"id":2046,"date":"2024-01-25T12:58:07","date_gmt":"2024-01-25T18:58:07","guid":{"rendered":"http:\/\/www.mastriplay.com\/portal\/?post_type=product&#038;p=2046"},"modified":"2024-02-08T17:05:28","modified_gmt":"2024-02-08T23:05:28","slug":"cleaf-mdp-syncron-eris-reflex","status":"publish","type":"product","link":"https:\/\/www.mastriplay.com\/portal\/product\/cleaf-mdp-syncron-eris-reflex\/","title":{"rendered":"CLEAF  MDP Syncron Eris Reflex"},"content":{"rendered":"<p>Melamina de marca Italiana reconocida a nivel mundial por sus Dise\u00f1os. Tablero de aglomerado recubierto con papel Dise\u00f1o con Textura Profunda , acabado REFLEX. Dise\u00f1o Eris, Marca CLEAF<\/p>\n<p>&nbsp;<\/p>\n","protected":false},"excerpt":{"rendered":"<p>Melamina de marca Italiana reconocida a nivel mundial por sus Dise\u00f1os. Tablero de aglomerado recubierto con papel Dise\u00f1o con Textura Profunda , acabado REFLEX. Dise\u00f1o Eris, Marca CLEAF &nbsp;<\/p>\n","protected":false},"featured_media":2050,"comment_status":"open","ping_status":"closed","template":"","meta":[],"product_brand":[],"product_cat":[77],"product_tag":[245,249,246],"class_list":{"0":"post-2046","1":"product","2":"type-product","3":"status-publish","4":"has-post-thumbnail","6":"product_cat-syncron-cleaf","7":"product_tag-cleaf","8":"product_tag-eris-reflex","9":"product_tag-mdp-syncron","11":"first","12":"instock","13":"taxable","14":"shipping-taxable","15":"product-type-simple"},"_links":{"self":[{"href":"https:\/\/www.mastriplay.com\/portal\/wp-json\/wp\/v2\/product\/2046","targetHints":{"allow":["GET"]}}],"collection":[{"href":"https:\/\/www.mastriplay.com\/portal\/wp-json\/wp\/v2\/product"}],"about":[{"href":"https:\/\/www.mastriplay.com\/portal\/wp-json\/wp\/v2\/types\/product"}],"replies":[{"embeddable":true,"href":"https:\/\/www.mastriplay.com\/portal\/wp-json\/wp\/v2\/comments?post=2046"}],"version-history":[{"count":3,"href":"https:\/\/www.mastriplay.com\/portal\/wp-json\/wp\/v2\/product\/2046\/revisions"}],"predecessor-version":[{"id":3195,"href":"https:\/\/www.mastriplay.com\/portal\/wp-json\/wp\/v2\/product\/2046\/revisions\/3195"}],"wp:featuredmedia":[{"embeddable":true,"href":"https:\/\/www.mastriplay.com\/portal\/wp-json\/wp\/v2\/media\/2050"}],"wp:attachment":[{"href":"https:\/\/www.mastriplay.com\/portal\/wp-json\/wp\/v2\/media?parent=2046"}],"wp:term":[{"taxonomy":"product_brand","embeddable":true,"href":"https:\/\/www.mastriplay.com\/portal\/wp-json\/wp\/v2\/product_brand?post=2046"},{"taxonomy":"product_cat","embeddable":true,"href":"https:\/\/www.mastriplay.com\/portal\/wp-json\/wp\/v2\/product_cat?post=2046"},{"taxonomy":"product_tag","embeddable":true,"href":"https:\/\/www.mastriplay.com\/portal\/wp-json\/wp\/v2\/product_tag?post=2046"}],"curies":[{"name":"wp","href":"https:\/\/api.w.org\/{rel}","templated":true}]}}