{"id":2004,"date":"2024-01-25T11:38:41","date_gmt":"2024-01-25T17:38:41","guid":{"rendered":"http:\/\/www.mastriplay.com\/portal\/?post_type=product&#038;p=2004"},"modified":"2024-02-08T01:56:15","modified_gmt":"2024-02-08T07:56:15","slug":"finsa-mdf-melamina-nogal-valentina","status":"publish","type":"product","link":"https:\/\/www.mastriplay.com\/portal\/product\/finsa-mdf-melamina-nogal-valentina\/","title":{"rendered":"FINSA MDF Melamina Nogal Valentina"},"content":{"rendered":"<h2>Nogal Valentina<\/h2>\n<h3>Mesura<\/h3>\n<p>El tablero con superficie decorativa de la gama Duo Nogal Valentina en acabado Mesura es el dise\u00f1o de nogal que aporta el tono m\u00e1s intenso de toda la colecci\u00f3n. Dispone de amplias catedrales y fuerte personalidad<\/p>\n<p>&nbsp;<\/p>\n","protected":false},"excerpt":{"rendered":"<p>Nogal Valentina Mesura El tablero con superficie decorativa de la gama Duo Nogal Valentina en acabado Mesura es el dise\u00f1o de nogal que aporta el tono m\u00e1s intenso de toda la colecci\u00f3n. Dispone de amplias catedrales y fuerte personalidad &nbsp;<\/p>\n","protected":false},"featured_media":2005,"comment_status":"open","ping_status":"closed","template":"","meta":[],"product_brand":[],"product_cat":[76],"product_tag":[35,240,239],"class_list":{"0":"post-2004","1":"product","2":"type-product","3":"status-publish","4":"has-post-thumbnail","6":"product_cat-mdf-finsa","7":"product_tag-finsa","8":"product_tag-mdf-melamina-finsa","9":"product_tag-nogal-valentina","11":"first","12":"instock","13":"taxable","14":"shipping-taxable","15":"product-type-simple"},"_links":{"self":[{"href":"https:\/\/www.mastriplay.com\/portal\/wp-json\/wp\/v2\/product\/2004","targetHints":{"allow":["GET"]}}],"collection":[{"href":"https:\/\/www.mastriplay.com\/portal\/wp-json\/wp\/v2\/product"}],"about":[{"href":"https:\/\/www.mastriplay.com\/portal\/wp-json\/wp\/v2\/types\/product"}],"replies":[{"embeddable":true,"href":"https:\/\/www.mastriplay.com\/portal\/wp-json\/wp\/v2\/comments?post=2004"}],"version-history":[{"count":4,"href":"https:\/\/www.mastriplay.com\/portal\/wp-json\/wp\/v2\/product\/2004\/revisions"}],"predecessor-version":[{"id":3177,"href":"https:\/\/www.mastriplay.com\/portal\/wp-json\/wp\/v2\/product\/2004\/revisions\/3177"}],"wp:featuredmedia":[{"embeddable":true,"href":"https:\/\/www.mastriplay.com\/portal\/wp-json\/wp\/v2\/media\/2005"}],"wp:attachment":[{"href":"https:\/\/www.mastriplay.com\/portal\/wp-json\/wp\/v2\/media?parent=2004"}],"wp:term":[{"taxonomy":"product_brand","embeddable":true,"href":"https:\/\/www.mastriplay.com\/portal\/wp-json\/wp\/v2\/product_brand?post=2004"},{"taxonomy":"product_cat","embeddable":true,"href":"https:\/\/www.mastriplay.com\/portal\/wp-json\/wp\/v2\/product_cat?post=2004"},{"taxonomy":"product_tag","embeddable":true,"href":"https:\/\/www.mastriplay.com\/portal\/wp-json\/wp\/v2\/product_tag?post=2004"}],"curies":[{"name":"wp","href":"https:\/\/api.w.org\/{rel}","templated":true}]}}