{"id":1880,"date":"2024-01-24T01:47:10","date_gmt":"2024-01-24T07:47:10","guid":{"rendered":"http:\/\/www.mastriplay.com\/portal\/?post_type=product&#038;p=1880"},"modified":"2024-02-02T13:19:13","modified_gmt":"2024-02-02T19:19:13","slug":"tmatt-alto-brillo-azul","status":"publish","type":"product","link":"https:\/\/www.mastriplay.com\/portal\/product\/tmatt-alto-brillo-azul\/","title":{"rendered":"TMATT Alto Brillo Azul"},"content":{"rendered":"<p>Cystal es una gran elecci\u00f3n para revestimientos de pared por sus cualidades de resistencia, durabilidad y f\u00e1cil limpieza. Gracias a la superficie brillante, Crystal aporta sensaci\u00f3n de espacio y luminosidad en los lugares en los que se instala.<\/p>\n<p>Est\u00e1 disponible en una gran variedad de colores y dise\u00f1os que van desde los m\u00e1s sutiles hasta los m\u00e1s atrevidos.<\/p>\n<p>Se trata de un material perfecto para instalar en paredes y techos de espacios p\u00fablicos, habitaciones, ba\u00f1os o cualquier lugar donde se quieran transmitir sensaciones<\/p>\n","protected":false},"excerpt":{"rendered":"<p>Cystal es una gran elecci\u00f3n para revestimientos de pared por sus cualidades de resistencia, durabilidad y f\u00e1cil limpieza. Gracias a la superficie brillante, Crystal aporta sensaci\u00f3n de espacio y luminosidad en los lugares en los que se instala. Est\u00e1 disponible en una gran variedad de colores y dise\u00f1os que van desde los m\u00e1s sutiles hasta [&hellip;]<\/p>\n","protected":false},"featured_media":1994,"comment_status":"open","ping_status":"closed","template":"","meta":[],"product_brand":[],"product_cat":[79],"product_tag":[86,220,38],"class_list":{"0":"post-1880","1":"product","2":"type-product","3":"status-publish","4":"has-post-thumbnail","6":"product_cat-tmatt-hb","7":"product_tag-alto-brillo","8":"product_tag-azul","9":"product_tag-tmatt","11":"first","12":"instock","13":"taxable","14":"shipping-taxable","15":"product-type-simple"},"_links":{"self":[{"href":"https:\/\/www.mastriplay.com\/portal\/wp-json\/wp\/v2\/product\/1880","targetHints":{"allow":["GET"]}}],"collection":[{"href":"https:\/\/www.mastriplay.com\/portal\/wp-json\/wp\/v2\/product"}],"about":[{"href":"https:\/\/www.mastriplay.com\/portal\/wp-json\/wp\/v2\/types\/product"}],"replies":[{"embeddable":true,"href":"https:\/\/www.mastriplay.com\/portal\/wp-json\/wp\/v2\/comments?post=1880"}],"version-history":[{"count":3,"href":"https:\/\/www.mastriplay.com\/portal\/wp-json\/wp\/v2\/product\/1880\/revisions"}],"predecessor-version":[{"id":2766,"href":"https:\/\/www.mastriplay.com\/portal\/wp-json\/wp\/v2\/product\/1880\/revisions\/2766"}],"wp:featuredmedia":[{"embeddable":true,"href":"https:\/\/www.mastriplay.com\/portal\/wp-json\/wp\/v2\/media\/1994"}],"wp:attachment":[{"href":"https:\/\/www.mastriplay.com\/portal\/wp-json\/wp\/v2\/media?parent=1880"}],"wp:term":[{"taxonomy":"product_brand","embeddable":true,"href":"https:\/\/www.mastriplay.com\/portal\/wp-json\/wp\/v2\/product_brand?post=1880"},{"taxonomy":"product_cat","embeddable":true,"href":"https:\/\/www.mastriplay.com\/portal\/wp-json\/wp\/v2\/product_cat?post=1880"},{"taxonomy":"product_tag","embeddable":true,"href":"https:\/\/www.mastriplay.com\/portal\/wp-json\/wp\/v2\/product_tag?post=1880"}],"curies":[{"name":"wp","href":"https:\/\/api.w.org\/{rel}","templated":true}]}}