{"id":1347,"date":"2024-01-21T00:53:59","date_gmt":"2024-01-21T06:53:59","guid":{"rendered":"http:\/\/www.mastriplay.com\/portal\/?post_type=product&#038;p=1347"},"modified":"2024-02-07T19:15:26","modified_gmt":"2024-02-08T01:15:26","slug":"enigma","status":"publish","type":"product","link":"https:\/\/www.mastriplay.com\/portal\/product\/enigma\/","title":{"rendered":"Arauco Melamina Enigma"},"content":{"rendered":"<h1>Enigma<\/h1>\n<div class=\"product-title\"><\/div>\n<div class=\"product-description\">\n<p>Conocido como una propuesta h\u00edbrida entre una piedra y una madera. Su juego de color beige con detalles caf\u00e9, hacen este dise\u00f1o vanguardista y moderno ideal para espacios contempor\u00e1neos.<\/p>\n<\/div>\n","protected":false},"excerpt":{"rendered":"<p>Enigma Conocido como una propuesta h\u00edbrida entre una piedra y una madera. Su juego de color beige con detalles caf\u00e9, hacen este dise\u00f1o vanguardista y moderno ideal para espacios contempor\u00e1neos.<\/p>\n","protected":false},"featured_media":1348,"comment_status":"open","ping_status":"closed","template":"","meta":[],"product_brand":[],"product_cat":[31],"product_tag":[41,139,47],"class_list":{"0":"post-1347","1":"product","2":"type-product","3":"status-publish","4":"has-post-thumbnail","6":"product_cat-melamina","7":"product_tag-arauco","8":"product_tag-enigma","9":"product_tag-melamina-aglomerado","11":"first","12":"instock","13":"taxable","14":"shipping-taxable","15":"product-type-simple"},"_links":{"self":[{"href":"https:\/\/www.mastriplay.com\/portal\/wp-json\/wp\/v2\/product\/1347","targetHints":{"allow":["GET"]}}],"collection":[{"href":"https:\/\/www.mastriplay.com\/portal\/wp-json\/wp\/v2\/product"}],"about":[{"href":"https:\/\/www.mastriplay.com\/portal\/wp-json\/wp\/v2\/types\/product"}],"replies":[{"embeddable":true,"href":"https:\/\/www.mastriplay.com\/portal\/wp-json\/wp\/v2\/comments?post=1347"}],"version-history":[{"count":4,"href":"https:\/\/www.mastriplay.com\/portal\/wp-json\/wp\/v2\/product\/1347\/revisions"}],"predecessor-version":[{"id":3076,"href":"https:\/\/www.mastriplay.com\/portal\/wp-json\/wp\/v2\/product\/1347\/revisions\/3076"}],"wp:featuredmedia":[{"embeddable":true,"href":"https:\/\/www.mastriplay.com\/portal\/wp-json\/wp\/v2\/media\/1348"}],"wp:attachment":[{"href":"https:\/\/www.mastriplay.com\/portal\/wp-json\/wp\/v2\/media?parent=1347"}],"wp:term":[{"taxonomy":"product_brand","embeddable":true,"href":"https:\/\/www.mastriplay.com\/portal\/wp-json\/wp\/v2\/product_brand?post=1347"},{"taxonomy":"product_cat","embeddable":true,"href":"https:\/\/www.mastriplay.com\/portal\/wp-json\/wp\/v2\/product_cat?post=1347"},{"taxonomy":"product_tag","embeddable":true,"href":"https:\/\/www.mastriplay.com\/portal\/wp-json\/wp\/v2\/product_tag?post=1347"}],"curies":[{"name":"wp","href":"https:\/\/api.w.org\/{rel}","templated":true}]}}