{"id":1101,"date":"2024-01-15T12:40:50","date_gmt":"2024-01-15T18:40:50","guid":{"rendered":"http:\/\/www.mastriplay.com\/portal\/?post_type=product&#038;p=1101"},"modified":"2024-02-08T22:49:31","modified_gmt":"2024-02-09T04:49:31","slug":"camel","status":"publish","type":"product","link":"https:\/\/www.mastriplay.com\/portal\/product\/camel\/","title":{"rendered":"Camel"},"content":{"rendered":"<h1 class=\"title fade aos-init aos-animate\" data-aos-delay=\"400\" data-aos=\"custom-fade\">Camel<\/h1>\n<p class=\"introtext fade aos-init aos-animate\" data-aos-delay=\"600\" data-aos=\"custom-fade\">El tono Camel nos transporta a la esencia de lo natural y a la tierra.<\/p>\n<h2 class=\"heading\">La armon\u00eda del color<\/h2>\n<div class=\"text-editor\">\n<p>Un tono equilibrado y muy vers\u00e1til que aporta a cualquier espacio un extra de calidez y armon\u00eda.<\/p>\n<\/div>\n<p>&nbsp;<\/p>\n","protected":false},"excerpt":{"rendered":"<p>Camel El tono Camel nos transporta a la esencia de lo natural y a la tierra. La armon\u00eda del color Un tono equilibrado y muy vers\u00e1til que aporta a cualquier espacio un extra de calidez y armon\u00eda. &nbsp;<\/p>\n","protected":false},"featured_media":1102,"comment_status":"open","ping_status":"closed","template":"","meta":[],"product_brand":[],"product_cat":[85],"product_tag":[37,93,91],"class_list":{"0":"post-1101","1":"product","2":"type-product","3":"status-publish","4":"has-post-thumbnail","6":"product_cat-zenit-alvic","7":"product_tag-alvic","8":"product_tag-camel","9":"product_tag-super-mate","11":"first","12":"instock","13":"taxable","14":"shipping-taxable","15":"product-type-simple"},"_links":{"self":[{"href":"https:\/\/www.mastriplay.com\/portal\/wp-json\/wp\/v2\/product\/1101","targetHints":{"allow":["GET"]}}],"collection":[{"href":"https:\/\/www.mastriplay.com\/portal\/wp-json\/wp\/v2\/product"}],"about":[{"href":"https:\/\/www.mastriplay.com\/portal\/wp-json\/wp\/v2\/types\/product"}],"replies":[{"embeddable":true,"href":"https:\/\/www.mastriplay.com\/portal\/wp-json\/wp\/v2\/comments?post=1101"}],"version-history":[{"count":3,"href":"https:\/\/www.mastriplay.com\/portal\/wp-json\/wp\/v2\/product\/1101\/revisions"}],"predecessor-version":[{"id":3234,"href":"https:\/\/www.mastriplay.com\/portal\/wp-json\/wp\/v2\/product\/1101\/revisions\/3234"}],"wp:featuredmedia":[{"embeddable":true,"href":"https:\/\/www.mastriplay.com\/portal\/wp-json\/wp\/v2\/media\/1102"}],"wp:attachment":[{"href":"https:\/\/www.mastriplay.com\/portal\/wp-json\/wp\/v2\/media?parent=1101"}],"wp:term":[{"taxonomy":"product_brand","embeddable":true,"href":"https:\/\/www.mastriplay.com\/portal\/wp-json\/wp\/v2\/product_brand?post=1101"},{"taxonomy":"product_cat","embeddable":true,"href":"https:\/\/www.mastriplay.com\/portal\/wp-json\/wp\/v2\/product_cat?post=1101"},{"taxonomy":"product_tag","embeddable":true,"href":"https:\/\/www.mastriplay.com\/portal\/wp-json\/wp\/v2\/product_tag?post=1101"}],"curies":[{"name":"wp","href":"https:\/\/api.w.org\/{rel}","templated":true}]}}